{"id":12,"date":"2016-07-27T08:40:34","date_gmt":"2016-07-27T08:40:34","guid":{"rendered":"http:\/\/www.binecuvantareaplantelor.ro\/site\/?page_id=12"},"modified":"2017-06-02T08:05:29","modified_gmt":"2017-06-02T08:05:29","slug":"acasa","status":"publish","type":"page","link":"https:\/\/www.binecuvantareaplantelor.ro\/site\/","title":{"rendered":"Acasa"},"content":{"rendered":"<p>[rev_slider BinecuvantareaPlantelor]<\/p>\n<p>&nbsp;<\/p>\n<div class=\"epyt-video-wrapper\"><iframe loading=\"lazy\"  style=\"display: block; margin: 0px auto;\"  id=\"_ytid_85229\"  width=\"300\" height=\"150\"  data-origwidth=\"300\" data-origheight=\"150\" src=\"https:\/\/www.youtube.com\/embed\/VNOR4Y-I4UY?enablejsapi=1&autoplay=1&cc_load_policy=0&cc_lang_pref=&iv_load_policy=1&loop=1&playlist=VNOR4Y-I4UY&rel=1&fs=1&playsinline=0&autohide=2&theme=dark&color=red&controls=1&\" class=\"__youtube_prefs__  no-lazyload\" title=\"YouTube player\"  allow=\"fullscreen; accelerometer; autoplay; clipboard-write; encrypted-media; gyroscope; picture-in-picture; web-share\" referrerpolicy=\"strict-origin-when-cross-origin\" allowfullscreen data-no-lazy=\"1\" data-skipgform_ajax_framebjll=\"\"><\/iframe><\/div>\n<h1 style=\"text-align: center; color: #003300; margin-top: 2em;\">Catalog Produse<\/h1>\n<div class=\"container-categorii-produse\">\n<div class=\"prodSanatate\"><a class=\"categProd\" href=\"https:\/\/www.binecuvantareaplantelor.ro\/site\/categorie-produs\/produse-pentru-sanatatea-ta-cele-mai-benefice-produse-pentru-organism-iar-totul-este-100-natural\/\">S\u0103n\u0103tate<\/a><\/div>\n<div class=\"prodTerapie\"><a class=\"categProd\" href=\"https:\/\/www.binecuvantareaplantelor.ro\/site\/categorie-produs\/terapie\/\">Terapie<\/a><\/div>\n<div class=\"prodIngrijire\"><a class=\"categProd\" href=\"https:\/\/www.binecuvantareaplantelor.ro\/site\/categorie-produs\/ingrijire\/\">\u00cengrijire<\/a><\/div>\n<div class=\"prodFrumusete\"><a class=\"categProd\" href=\"https:\/\/www.binecuvantareaplantelor.ro\/site\/categorie-produs\/frumusete\/\">Frumuse\u021be<\/a><\/div>\n<\/div>\n","protected":false},"excerpt":{"rendered":"<p>[rev_slider BinecuvantareaPlantelor] &nbsp; Catalog Produse S\u0103n\u0103tate Terapie \u00cengrijire Frumuse\u021be<\/p>\n","protected":false},"author":1,"featured_media":0,"parent":0,"menu_order":0,"comment_status":"closed","ping_status":"closed","template":"page-full.php","meta":{"footnotes":""},"class_list":["post-12","page","type-page","status-publish","hentry"],"_links":{"self":[{"href":"https:\/\/www.binecuvantareaplantelor.ro\/site\/wp-json\/wp\/v2\/pages\/12","targetHints":{"allow":["GET"]}}],"collection":[{"href":"https:\/\/www.binecuvantareaplantelor.ro\/site\/wp-json\/wp\/v2\/pages"}],"about":[{"href":"https:\/\/www.binecuvantareaplantelor.ro\/site\/wp-json\/wp\/v2\/types\/page"}],"author":[{"embeddable":true,"href":"https:\/\/www.binecuvantareaplantelor.ro\/site\/wp-json\/wp\/v2\/users\/1"}],"replies":[{"embeddable":true,"href":"https:\/\/www.binecuvantareaplantelor.ro\/site\/wp-json\/wp\/v2\/comments?post=12"}],"version-history":[{"count":18,"href":"https:\/\/www.binecuvantareaplantelor.ro\/site\/wp-json\/wp\/v2\/pages\/12\/revisions"}],"predecessor-version":[{"id":182,"href":"https:\/\/www.binecuvantareaplantelor.ro\/site\/wp-json\/wp\/v2\/pages\/12\/revisions\/182"}],"wp:attachment":[{"href":"https:\/\/www.binecuvantareaplantelor.ro\/site\/wp-json\/wp\/v2\/media?parent=12"}],"curies":[{"name":"wp","href":"https:\/\/api.w.org\/{rel}","templated":true}]}}