{"id":147,"date":"2016-07-31T09:53:22","date_gmt":"2016-07-31T09:53:22","guid":{"rendered":"http:\/\/www.binecuvantareaplantelor.ro\/site\/?post_type=product&#038;p=147"},"modified":"2024-07-09T19:54:11","modified_gmt":"2024-07-09T19:54:11","slug":"vibracell-supliment-multivitamine-natural","status":"publish","type":"product","link":"https:\/\/www.binecuvantareaplantelor.ro\/site\/magazin\/produse-pentru-sanatatea-ta-cele-mai-benefice-produse-pentru-organism-iar-totul-este-100-natural\/supliment\/vibracell-supliment-multivitamine-natural\/","title":{"rendered":"Vibracell &#8211; supliment multivitamine natural"},"content":{"rendered":"<ul>\n<li>produs UNIC IN LUME: ultracomplex natural de multivitamine din sucuri concentrate, presate la rece din fructe, legume si ierburi atent selectionate ale caror proprietati sunt amplificate la maxim de catre placa energetica cu biofotoni.<\/li>\n<li>o placuta energetica cu biofotoni, care furnizeaza energie vibrationala, se gaseste in fiecare cutie. Placuta energetica cu biofotoni creste energia vibrationala Vibracell de la 5,950 la 16,950 unitati Bovis.<\/li>\n<\/ul>\n<p>Vibracell este un complex natural de multivitamine compus din sucuri concentrate, presate la rece din fructe, legume si ierburi atent selectionate. Produsul contine, de asemenea, alte elemente nutritive importante, cum ar fi magneziu, laptisor de matca, seleniu, L-carnitina, coenzima Q10, si acid folic, care au fost adaugate.<\/p>\n<p><strong>De stiut:<\/strong><\/p>\n<p>\u2022 toate ingredientele sunt naturale si nu contin pesticide, erbicide si metale grele.<\/p>\n<p>\u2022 nu contine conservanti si nici aditivi chimici!<\/p>\n<p>\u2022 rezultatul a 10 ani de cercetare, experienta si dezvoltare<\/p>\n<p>\u2022 datorita formei sale lichide este absorbit 100%<\/p>\n<p>\u2022 ofera vitalitate si energie<\/p>\n<p>\u2022 fortifiant de top al imunitatii<\/p>\n<p>\u2022 are un gust delicios si racoritor<\/p>\n<p>\u2022 potrivit pentru toate varstele, fara contraindicatii cunoscute<\/p>\n<p>\u2022 recomandat de medici si nutritionisti<\/p>\n<p><strong>PREMIERA MONDIALA: bio-fotoni pentru si mai multa vitalitate!<\/strong><\/p>\n<p><strong>De ce e Vibracell un produs unic in lume?<\/strong><\/p>\n<p><strong>VIBRACELL = SUBSTANTA + ENERGIE<\/strong><\/p>\n<p><strong>A.Substanta<\/strong><\/p>\n<p>1. <strong>Vibracell e o descoperire stiintifica<\/strong>!<\/p>\n<p>O echipa de oameni de stiinta a selectat ingredientele, a calculat cantitatile si compatibilitatea dintre acestea.<\/p>\n<p>2. <strong>Vibracell este 100% natural<\/strong>!<\/p>\n<p>Nu contine aditivi, toate ingredientele sunt naturale si nu contin pesticide, erbicide si metale grele.<\/p>\n<p>3<strong>. Vibracell este un produs concentrat<\/strong>!<\/p>\n<p>O sticla de 300 ml produce in jur 4 l de suc bun de baut si este suficienta pentru 1 luna de energie si vitalitate. Mai putin ambalaj = Mai mult respect pentru mediu .<\/p>\n<p>4.<strong> Vibracell e un produs complet<\/strong>!<\/p>\n<p>Vibracell aduce ce-i mai bun din natura organelor si functiilor \u2013 corpul nostru fiind abordat intr-o maniera holista si nu ca o suma de organe.<\/p>\n<p>5. <strong>Vibracell e lichid<\/strong>!<\/p>\n<p>Lichidul e absorbit de catre organism in proportie de 100%, in timp tabletele doar in proportie de 30%. Totodata e mult mai usor de ingerat , fiind scutiti de discomfortul inghitirii pastilelor.<\/p>\n<p>6. <strong>Vibracell e delicios<\/strong>!<\/p>\n<p>Datorita gustului fructat , savuram fiecare picatura de sanatate pe care o ingeram in doza de Vibracell.<\/p>\n<p>7.<strong> Vibracell e un produs MAGIC la un pret normal.<\/strong><\/p>\n<p>Cel mai bun mix din natura imbogatit cu elemente cheie si adus la maxim potential de energia vibrationala la maxim 14 RON pe zi! Daca ar trebui sa cumparam toate elementele componente ale sale , sa le preparam ar costa mult mai mult si ne-ar lua si mai mult timp!<\/p>\n<p><strong>B.Energia<\/strong><\/p>\n<p>1.<strong> Vibracell ofera<\/strong> nu doar energie datorita substantelor sale sanatoase, cum o fac si alte multivitamine de top ofera mai mult, <strong>energie de vibratie catre celule<\/strong>.<\/p>\n<p><strong>Despre ce fel de energie vorbim?<\/strong><\/p>\n<p>Fiecare substan\u021b\u0103 are propriul camp de energie \u0219i fiecare camp de energie are propria polaritate. Polaritatea de cotitura stanga s-a demonstrat ca este nociva pentru sanatate, in timp ce polaritatea de cotitura dreapta fortifiaza sanatatea organismului. Produsele alimentare au, de asemenea, propria polaritate \u0219i energie de lumina fotonica. Exist\u0103 acum o tendin\u021b\u0103 \u00een randul tuturor speciali\u0219tilor la nivel mondial s\u0103 se concentreze mai mult pe valoarea energetic\u0103 a hranei( putere calorica, kcal), care inclina spre polaritatea de cotitur\u0103 stanga tot mai mult fiind puternic influenta negativ de poluarea a mediului \u0219i ceata industriala. Toate procesele de preparare \u0219i conservare implic\u0103 nu numai o pierdere de vitamine ci si o pierdere de energie. Alimente bogate in fotoni radiaz\u0103 toate acestea, o mul\u021bime de energie (energie vibra\u021bie).<\/p>\n<p>2. <strong>Placuta energetica cu biofotoni e o sursa inepuizabila de energie.<\/strong><\/p>\n<p>Aceste placute energetice au demonstrat dupa ani de cercetari si teste la peste 36 de Universitati de pe mapamond ca au o radiatie a energiei fotonice extrem de ridicate. Mancarurile si bauturile plasate deasupra lor obtin o energie fotonica vibrationala mult mai mare. Sub fiecare flacon, se gaseste o astfel placuta energetica cu biofotoni, care \u00eentareste zilnic energia vibrationala. Doi profesori germani (Prof. Dr. Popp si Prof. Kohfink), au dovedit efectele pozitive ale acesteia: placuta energetica cu biofotoni creste energia vibrationala Vibracell de la 5,950 (ceea ce este deja o cifra ridicata) la 16,950 unitati Bovis (ceea ce este enorm). Aceasta este o dovada solida confirmata de teste stiintifice!<\/p>\n<p>3. <strong>Placuta energetica cu biofotoni NU-SI PIERDE VALABILITATEA!<\/strong><\/p>\n<p>Asadar, nu aruncati aceasta placuta. Puneti-o sub sticla dvs. de apa, fructe si legume sau orice alt tip de aliment cu 30 min inainte de a le consuma \u00een scopul de a energiza, vitaliza produsele alimentare si bauturile dvs si a inmagazina la potential maxim minerale, vitamine, nutrienti ..din continutul acestora.<\/p>\n<p><strong>Ingrediente:<\/strong><\/p>\n<p>*Suc de fructe concentrat din: portocale*, lamaie*, maracuja*<\/p>\n<p>*Suc de legume concentrat din: morcovi*, sfecla rosie*<\/p>\n<p>*Concentrat lacto-fermentat de morcovi, telina, castraveti cornison, varza tocata, sfecla rosie<\/p>\n<p>si ceapa,pasta de ardei,pulpa de rosii*,extract de bulb de anghinare, napi*, concentrat de broccoli<\/p>\n<p>*Suc de fructe concentrat din: coacaze*, afine*, soc*, acerola<\/p>\n<p>*Extracte din plante: urzica, macese, hamei, mate, roinita, papadie, musetel, rozmarin<\/p>\n<p>*Altele: ulei din seminte de maces, laptisor de matca* proaspat, drojdie de bere inactiva, L-<\/p>\n<p>carnitina, coenzima Q10, lapte de iapa*, lecitina de soia emulgator, fructoza, aroma naturala,<\/p>\n<p>carbonat de magneziu, pantotenat de calciu, drojdie de seleniu<\/p>\n<p>*Vitamine: vitamina A, B1, B2, B3, B6, B12, C, E, biotina, acid folic<\/p>\n<p>Nota:* certificat organic<\/p>\n<p><strong>Mod de administrare<\/strong>:<\/p>\n<p>Este recomandat sa se bea Vibracell dimineata, \u00eenainte de micul dejun, cu exceptia cazului \u00een care medicul sau terapeutul dvs. recomanda altceva.<\/p>\n<p>Agitati bine flaconul \u00eenainte de utilizare si luati doua lingurite (10 ml) de Vibracell \u00eentr-un pahar cu apa (120 ml), amestecati bine cu o lingura de plastic (deoarece metalul \u00eendeparteaza energia vibrationala).<\/p>\n<p>Pastrati \u00eentotdeauna flaconul pe placuta de energie si o data deschis, \u00een frigider. Consumati in termen de 2 luni de la deschidere.<\/p>\n<p>Se recomanda o cura de minimum 3 luni (3 flacoane), de exemplu, una primavara si una toamna, deoarece celulele noastre se re\u00eennoiesc \u00een 90 de zile.<\/p>\n<p>Dar un pahar de Vibracell zilnic este, desigur, \u00eenceputul ideal pentru o zi dinamica si plina de viata.<\/p>\n","protected":false},"excerpt":{"rendered":"<h3><strong>Tel. 0751 157 304\u00a0\u00a0<\/strong><\/h3>\n<p>Livrare prin curier rapid : 20 lei<\/p>\n<p><strong>TRANSPORT GRATUIT LA COMENZILE PESTE 150 LEI !<\/strong><\/p>\n<p>Produs UNIC \u00ceN LUME: ultracomplex natural de multivitamine din sucuri concentrate, presate la rece, ale c\u0103ror propriet\u0103\u021bi sunt amplificate la maxim de c\u0103tre pl\u0103cu\u021ba energetic\u0103 cu biofotoni.<\/p>\n<p>Pasteurizat instant \u00een ambalaj de sticl\u0103, nu con\u021bine ap\u0103, conservan\u021bi sau alte substan\u021be chimice.<\/p>\n<h5><\/h5>\n","protected":false},"featured_media":148,"comment_status":"open","ping_status":"closed","template":"","meta":[],"product_brand":[],"product_cat":[39,7,10],"product_tag":[],"class_list":{"0":"post-147","1":"product","2":"type-product","3":"status-publish","4":"has-post-thumbnail","6":"product_cat-sucuri-naturale","7":"product_cat-produse-pentru-sanatatea-ta-cele-mai-benefice-produse-pentru-organism-iar-totul-este-100-natural","8":"product_cat-supliment","10":"first","11":"instock","12":"sale","13":"taxable","14":"shipping-taxable","15":"purchasable","16":"product-type-simple"},"_links":{"self":[{"href":"https:\/\/www.binecuvantareaplantelor.ro\/site\/wp-json\/wp\/v2\/product\/147","targetHints":{"allow":["GET"]}}],"collection":[{"href":"https:\/\/www.binecuvantareaplantelor.ro\/site\/wp-json\/wp\/v2\/product"}],"about":[{"href":"https:\/\/www.binecuvantareaplantelor.ro\/site\/wp-json\/wp\/v2\/types\/product"}],"replies":[{"embeddable":true,"href":"https:\/\/www.binecuvantareaplantelor.ro\/site\/wp-json\/wp\/v2\/comments?post=147"}],"wp:featuredmedia":[{"embeddable":true,"href":"https:\/\/www.binecuvantareaplantelor.ro\/site\/wp-json\/wp\/v2\/media\/148"}],"wp:attachment":[{"href":"https:\/\/www.binecuvantareaplantelor.ro\/site\/wp-json\/wp\/v2\/media?parent=147"}],"wp:term":[{"taxonomy":"product_brand","embeddable":true,"href":"https:\/\/www.binecuvantareaplantelor.ro\/site\/wp-json\/wp\/v2\/product_brand?post=147"},{"taxonomy":"product_cat","embeddable":true,"href":"https:\/\/www.binecuvantareaplantelor.ro\/site\/wp-json\/wp\/v2\/product_cat?post=147"},{"taxonomy":"product_tag","embeddable":true,"href":"https:\/\/www.binecuvantareaplantelor.ro\/site\/wp-json\/wp\/v2\/product_tag?post=147"}],"curies":[{"name":"wp","href":"https:\/\/api.w.org\/{rel}","templated":true}]}}