{"id":151,"date":"2016-07-31T09:55:48","date_gmt":"2016-07-31T09:55:48","guid":{"rendered":"http:\/\/www.binecuvantareaplantelor.ro\/site\/?post_type=product&#038;p=151"},"modified":"2020-07-19T14:15:51","modified_gmt":"2020-07-19T14:15:51","slug":"noni-juice-tahiti-100-organic","status":"publish","type":"product","link":"https:\/\/www.binecuvantareaplantelor.ro\/site\/magazin\/produse-pentru-sanatatea-ta-cele-mai-benefice-produse-pentru-organism-iar-totul-este-100-natural\/suc_natural\/noni-juice-tahiti-100-organic\/","title":{"rendered":"Noni Juice Tahiti 100% organic"},"content":{"rendered":"<p>Ce este NONI DE TAHITI?<\/p>\n<p>MORINDA CITRIFOLIA este un arbust\/copac, cunoscut \u00een Polinezia sub denumirea de NONI, NONO sau NONU.<\/p>\n<p>Interesul pentru NONI a fost trezit \u00een Occident de c\u00e2tiva ani, dar fructele \u015fi chiar frunzele sunt folosite \u00een medicina traditionala din Polinezia de secole.<\/p>\n<p>Copacii Morinda citrifolia cresc din abundenta (mai ales salbatic) \u015fi practic, peste tot \u00een Polinezia. De asemenea cresc \u00een conditii ideale \u00een Tahiti \u015fi pe 120 de insule, departe de zonele moderne poluate, pe tot parcursul anului, unde vremea este perfecta, iar solul vulcanic fertil este bogat \u00een minerale.<\/p>\n<p>Fructele coapte la soare sunt culese manual, spalate \u015fi colectate \u00een butoaie mari.<\/p>\n<p>Datorita presiunii datorate greutatii fructului, sucul se extrage automat. Acest suc este ulterior doar filtrat. Deci, un proces simplu \u015fi traditional, cu nici un tratament tehnic. Mai mult dec\u00e2t at\u00e2t, pentru sucul NONI DE TAHITI sunt folosite doar fructe de origine certificata organic (controlate de Certisys BE &#8211; BIO &#8211; 01).<\/p>\n<p>Sucul pur de NONI este utilizat \u00een mod traditional pe insule pentru proprietatile sale antibiotice naturale, analgezice \u015fi anti-inflamatorii. NONI este, de asemenea, un antioxidant puternic.<\/p>\n<p>Bautura Noni se foloseste pentru vindecare de mai bine de 2000 de ani in Polinezia, China si India. Cercetarile de inceput afirma ca batura TAHITIAN NONI Juice are efect benefic asupra sistemului imunitar. Numit si regele fructelor, contine 18 aminoacizi, numeroase vitamine si minerale (ex. sodiu, potasiu, fier, mangan, respectiv magneziu) care completeaza necesarul in vitamine si minerale al organismului. In afara acestora, contine si substante biologic-active deosebite care accelereaza schimburile de nutrienti intre celule, avad astfel o actiune regenerativa a celulelor care actioneaza in intreg organismul.<\/p>\n<p><strong>Importanta xeroninei in organismul uman.<\/strong><\/p>\n<p>Organismul uman contine o cantitate mica de proxeronina, dar pana cand organismul este sanatos si este in echilibru, aceasta nu prezinta o problema. Odata cu inaintarea in varsta, actiunea stresului sau a oricarei agresiuni emotionale sau biologice, cantitatea de proxeronina scade. Si in organismul bolnavilor si a celor care traiesc o viata foarte activa, proteinele sunt supuse si ele unei activitati crescute. Pentru ca acestea sa faca fata unui metabolism accelerat necesita mai multa xeronina. Insa organismul doar atunci poate sintetiza mai multa xeronina, daca primeste in mod regulat mai multa proxeronina. Daca nu satisfacem aceasta necesitate, proteinele organismului nu pot realiza functiile lor, ceea ce duce la dezechilibru, epuizare si in final la boala. Noni ajuta la producerea asa numitelor celule T in sistemul imunitar. Aceste celule joaca un rol important in lupta impotriva bolilor. Intareste sistemul imunitar, intelegand aici si celule macrofage si limfocitele, care sunt elemente de baza in mecanismul de protectie a corpului uman.<\/p>\n<p>Revista de stiinta Pacific Science Journal in 1950 a scris un articol despre actiunea antibacteriala a fructului Noni, cu ajutorul careia se poate asigura o protectie impotriva imbolnavirii sistemului digestiv si al inimii.<\/p>\n<p><strong>Afectiuni la care s-a demonstrat efectul binefacator si terapeutic al TahitianNoniJuice:<\/strong><\/p>\n<ul>\n<li>Alergii<\/li>\n<li>Artrita (amelioreaza problemele sistemului arterial si infectii articulare)<\/li>\n<li>Astm<\/li>\n<li>Afectiuni ale pielii (chiar si psoriazis) si ale parului<\/li>\n<li>Accelereaza vindecarea ranilor, intinderilor si traumelor<\/li>\n<li>Afectiuni ale aparatului respirator<\/li>\n<li>Amelioreaza afectiunile ulceroase<\/li>\n<li>Boli cardiace<\/li>\n<li>Boli renale<\/li>\n<li>Comotii cerebrale<\/li>\n<li>Creste nivelul de energie<\/li>\n<li>Diverse dureri (calmeaza durerile acute si cronice, migrene)<\/li>\n<li>Dizolva spasmele menstruale<\/li>\n<li>Digestie (ajuta in probleme digestive si regleaza metabolismul)<\/li>\n<li>Fibromialgie CFIDS HIV\/SIDA<\/li>\n<li>Hipertensiune arteriala<\/li>\n<li>Intareste musculatura<\/li>\n<li>Incetineste procesul de imbatranire si senilitate<\/li>\n<li>Previne starile depresive<\/li>\n<li>Obezitate<\/li>\n<li>Ajuta la eliminarea starii de dependenta de droguri si fumat<\/li>\n<li>Vindeca ranile provocate de arsuri<\/li>\n<li>Vindeca infectiile tropicale<\/li>\n<li>Impiedica inmultirea celulelor canceroase<\/li>\n<li>Noni actioneaza pozitiv la foarte multi consumatori foarte rapid, in decurs si de cateva zile, insa pentru a obtine efecte optime, tratamentul trebuie sa tina cel putin sase luni. Acest lucru este confirmat pe baza experientelor a 70% din consumatorii de Noni.<\/li>\n<\/ul>\n<p>Observatie: Bautura Noni se poate consuma cu orice combinatie de medicamente, in multe cazuri medicamentele avand efect mai bun si peste putin timp se poate ajunge la acelasi rezultat si cu medicamente mai putine. De multe ori Noni reduce chiar efectele secundare ale medicamentelor traditionale.<\/p>\n<p><strong>Cum se bea sucul NONI DE TAHITI?<\/strong><\/p>\n<p>Sucul de NONI autentic are un gust \u015fi o aroma deosebite. Sucul nostru 100% pur nu este o exceptie, \u00eensa aroma lui puternic naturala poate fi minimizata prin racirea sucului \u00eenainte de a fi baut.<\/p>\n<p><strong>UTILIZAREA ZILNICA RECOMANDATA:<\/strong><\/p>\n<p>30 ml (doua &#8211; trei linguri) de suc Noni simplu, pur pe stomacul gol, de preferat dimineata sau cu jumatate de ora \u00eenainte de masa.<\/p>\n<p>Va recomandam sa beti sucul de Noni de Tahiti simplu.<\/p>\n<p>Pentru cei care nu doresc sa bea sucul simplu, acesta se poate dilua cu un suc de fructe 100% pur (fara adaos de zahar).<\/p>\n<p>Dupadeschidere pastrati sticla \u00een frigider.<\/p>\n<p><strong>\u00a0<\/strong><\/p>\n<p><strong>100% suc de NONI pur vs. NONI punch (amestec)<\/strong><\/p>\n<p>Exista diferite sucuri NONI pe piata. Din pacate, nu toate sucurile NONI au aceea\u015fi calitate si origine. Prin urmare, este important sa puneti \u00eentrebari \u015fi sa cititi cu atentie etichetele. Majoritatea produselor NONI sunt realizate din concentrat sau din pasta, ceea ce \u00eenseamna ca ele sunt reconstituite. Procesul de productie este mai tehnic, dar mai ieftin deoarece principalele ingrediente adaugate sunt apa, sucuri de fructe sau arome ieftine. Acela\u015fi lucru se \u00eent\u00e2mpla cu o multime de sucuri de fructe: o multime dintre ele sunt reconstituite din concentrat, doar c\u00e2teva sunt sucuri 100% pure \u015fi puteti gusta asta!<\/p>\n<p>Sucul nostru NONI DE TAHITI este 100%suc presat direct: 100%suc proaspat presat pur \u015fi fara aditivi.<\/p>\n<p>Sucul NONI 100% pur are o culoare maro \u00eenchis cu un gust specific, care nu este dulce.<\/p>\n<p>Daca nu doriti sa beti sucul NONI simplu, atunci \u00eel puteti amesteca cu 100% suc de fructe pur.<\/p>\n<p><strong>Certificat de Origine<\/strong><\/p>\n<p>NONI DE TAHITI este suc 100% pur extras din fructele arborelui Tahitian Morinda citrifolia, din fructe coapte \u015fi autentice.<\/p>\n<p>Fructul copt este cules manual de catre localnici \u015fi transportat catre fabrica \u00een care fructul este presat \u00eentr-un suc 100% pur de calitate superioara.<\/p>\n<p>Prin producereasucului\u00eenTahiti, putem folosi fructe coapte\u015fi, \u00een plus, putem sprijinicomunitatea locala.<\/p>\n<p>Sucul NONIoriginar dinTahitiestemult mai scump dec\u00e2tsucul NONI provenit dinalte tari,din cauza salariilormari\u015fi taxelorfoarte ridicatedinTahiti, darpreferamexperienta sicalitateadinTahiti.<\/p>\n<p><strong>Certificare<\/strong><strong> Organica<\/strong><\/p>\n<p>NONI DE TAHITI este un suc de noni organic certificat care este controlat de Certisys BE-BIO-01, astfel ca, de la recoltarea fructelor p\u00e2na la \u00eembutelierea sucului este garantat un proces organic certificat.<\/p>\n","protected":false},"excerpt":{"rendered":"<h3><strong>Tel. 0751 157 304\u00a0\u00a0<\/strong><\/h3>\n<p>Livrare prin curier rapid : 20 lei<\/p>\n<p><strong>TRANSPORT GRATUIT LA COMENZILE PESTE 150 LEI !<\/strong><\/p>\n<ul>\n<li>Sucul nostru Noni Juice Tahiti 100% organic este suc presat la rece, pur \u0219i f\u0103r\u0103 aditivi.<\/li>\n<li>Pasteurizat instant \u00een ambalaj de sticl\u0103, nu con\u021bine conservan\u021bi, ap\u0103 sau alte substan\u021be.<\/li>\n<li>Certificat Organic de catre Certisys BE \u2013 BIO \u2013 01<\/li>\n<li>Antioxidant puternic, Noni Juice Tahiti 100% organic are proprietati antibiotice naturale, analgezice<\/li>\n<\/ul>\n<p><strong>Afectiuni la care s-a demonstrat efectul binefacator si terapeutic al Tahitian Noni Juice:<\/strong><\/p>\n<ul>\n<li>Alergii<\/li>\n<li>Artrita (amelioreaza problemele sistemului arterial si infectii articulare)<\/li>\n<li>Astm<\/li>\n<li>Afectiuni ale pielii (chiar si psoriazis) si ale parului<\/li>\n<li>Accelereaza vindecarea ranilor, intinderilor si traumelor<\/li>\n<li>Afectiuni ale aparatului respirator<\/li>\n<li>Amelioreaza afectiunile ulceroase<\/li>\n<li>Boli cardiace<\/li>\n<li>Boli renale<\/li>\n<li>Comotii cerebrale<\/li>\n<li>Creste nivelul de energie<\/li>\n<li>Diverse dureri (calmeaza durerile acute si cronice, migrene)<\/li>\n<li>Dizolva spasmele menstruale<\/li>\n<li>Digestie (ajuta in probleme digestive si regleaza metabolismul)<\/li>\n<li>Fibromialgie CFIDS HIV\/SIDA<\/li>\n<li>Hipertensiune arteriala<\/li>\n<li>Intareste musculatura<\/li>\n<li>Incetineste procesul de imbatranire si senilitate<\/li>\n<li>Previne starile depresive<\/li>\n<li>Obezitate<\/li>\n<li>Ajuta la eliminarea st\u0103rii de dependenta de droguri \u0219i fumat<\/li>\n<li>Vindeca ranile provocate de arsuri<\/li>\n<li>Vindeca infectiile tropicale<\/li>\n<li>Impiedica inmultirea celulelor canceroase<\/li>\n<li>Noni actioneaza pozitiv la foarte multi consumatori foarte rapid, in decurs si de cateva zile, insa pentru a obtine efecte optime, tratamentul trebuie sa tina cel putin sase luni. Acest lucru este confirmat pe baza experientelor a 70% din consumatorii de Noni.<\/li>\n<\/ul>\n<p><strong>Cantitate: 1000 ml<\/strong><\/p>\n","protected":false},"featured_media":152,"comment_status":"open","ping_status":"closed","template":"","meta":[],"product_brand":[],"product_cat":[39,7,9],"product_tag":[],"class_list":{"0":"post-151","1":"product","2":"type-product","3":"status-publish","4":"has-post-thumbnail","6":"product_cat-sucuri-naturale","7":"product_cat-produse-pentru-sanatatea-ta-cele-mai-benefice-produse-pentru-organism-iar-totul-este-100-natural","8":"product_cat-suc_natural","10":"first","11":"instock","12":"sale","13":"taxable","14":"shipping-taxable","15":"purchasable","16":"product-type-simple"},"_links":{"self":[{"href":"https:\/\/www.binecuvantareaplantelor.ro\/site\/wp-json\/wp\/v2\/product\/151","targetHints":{"allow":["GET"]}}],"collection":[{"href":"https:\/\/www.binecuvantareaplantelor.ro\/site\/wp-json\/wp\/v2\/product"}],"about":[{"href":"https:\/\/www.binecuvantareaplantelor.ro\/site\/wp-json\/wp\/v2\/types\/product"}],"replies":[{"embeddable":true,"href":"https:\/\/www.binecuvantareaplantelor.ro\/site\/wp-json\/wp\/v2\/comments?post=151"}],"wp:featuredmedia":[{"embeddable":true,"href":"https:\/\/www.binecuvantareaplantelor.ro\/site\/wp-json\/wp\/v2\/media\/152"}],"wp:attachment":[{"href":"https:\/\/www.binecuvantareaplantelor.ro\/site\/wp-json\/wp\/v2\/media?parent=151"}],"wp:term":[{"taxonomy":"product_brand","embeddable":true,"href":"https:\/\/www.binecuvantareaplantelor.ro\/site\/wp-json\/wp\/v2\/product_brand?post=151"},{"taxonomy":"product_cat","embeddable":true,"href":"https:\/\/www.binecuvantareaplantelor.ro\/site\/wp-json\/wp\/v2\/product_cat?post=151"},{"taxonomy":"product_tag","embeddable":true,"href":"https:\/\/www.binecuvantareaplantelor.ro\/site\/wp-json\/wp\/v2\/product_tag?post=151"}],"curies":[{"name":"wp","href":"https:\/\/api.w.org\/{rel}","templated":true}]}}