{"id":38,"date":"2016-07-31T08:40:34","date_gmt":"2016-07-31T08:40:34","guid":{"rendered":"http:\/\/www.binecuvantareaplantelor.ro\/site\/?post_type=product&#038;p=38"},"modified":"2020-07-19T13:58:26","modified_gmt":"2020-07-19T13:58:26","slug":"intense-hydra-crema-hidratanta-cu-pudra-de-diamant-si-venin-de-vipera-ammodytes","status":"publish","type":"product","link":"https:\/\/www.binecuvantareaplantelor.ro\/site\/magazin\/frumusete\/frumusete_ten\/intense-hydra-crema-hidratanta-cu-pudra-de-diamant-si-venin-de-vipera-ammodytes\/","title":{"rendered":"INTENSE HYDRA+ crem\u0103 hidratant\u0103 cu pudr\u0103 de Diamant \u0219i venin de Viper\u0103 Ammodytes"},"content":{"rendered":"<p><strong>La solicitarea Blue Diamond Generation<\/strong>\u00a0<strong>, MB Ammodytes<\/strong>, \u00een colaborare cu\u00a0<strong>Laboratoarele FAVISAN<\/strong>, au creat o nou\u0103 formul\u0103, unic\u0103 \u00een lume, pe baza a doi factori de unicitate: pudra de diamant \u0219i veninul de Viper\u0103 Ammodytes.<\/p>\n<p><strong>\u00a0\u00a0\u00a0\u00a0\u00a0\u00a0\u00a0\u00a0\u00a0\u00a0\u00a0 INTENSE<\/strong><strong>\u00a0HYDRA+<\/strong> con\u021bine un ingredient special: pulbere extra-fin\u0103 de diamant. Echipa de cercetare a descoperit c\u0103 produsele de \u00eengrijire a pielii care con\u021bin pulbere de diamant exfoliaz\u0103 u\u0219or stratul superior al pielii, permitand vitaminelor \u0219i ingredientelor din componen\u021ba ei s\u0103 p\u0103trund\u0103 mai ad\u00e2nc \u0219i mai eficient \u00een derm\u0103, \u00eencetinind vizibil procesele de \u00eemb\u0103tr\u00e2nire. Un alt beneficiu este c\u0103 particulele acestei pulberi fine se fixeaz\u0103 \u00een liniile fine ale fe\u021bei, \u0219i reflect\u0103 subtil o lumin\u0103 albastr\u0103 invizibil\u0103 cu ochiul liber, cre\u00e2nd un aspect luminos \u0219i radiant, reduc\u00e2nd puternic apari\u021bia ridurilor.\u00a0 Ca urmare, utilizarea regulat\u0103 a produsului <strong>INTENSE HYDRA+<\/strong>, genereaz\u0103 o piele mai fin\u0103, mai str\u0103lucitoare, \u0219i mai t\u00e2n\u0103r\u0103.<\/p>\n<p><strong>\u00a0<\/strong><\/p>\n<p><strong>Ingrediente:<\/strong><\/p>\n<p>\u2022 Pudra de Diamant \u2022 Venin de Vipera Ammodytes \u2022 Extract de castravete \u2022 Ulei de morcov \u2022 Ulei de argan bio \u2022 Ulei de masline bio\u00a0 \u2022 Extract de 11 plante Favisan \u2022 Extract de germeni de grau \u2022 Miere de albine \u2022 Betacaroten \u2022 Unt de cacao\u00a0 \u2022 Glicerina \u2022 Vitamina B5 \u2022 Vitamina E.<\/p>\n<p>Extractul de\u00a0castravete\u00a0hidrateaza si catifeleaza tenul. \u00a0Uleiul de argan\u00a0hraneste si reda stralucirea pielii. \u00a0Untul de\u00a0cacao, uleiul de morcov\u00a0si beta-carotenul protejeaza pielea de razele UV. \u00a0Uleiul de masline, extractul de germeni de\u00a0grau,\u00a0mierea, vitamina\u00a0B5\u00a0si extractul din 11 plante\u00a0hidrateaza tenul. Vitamina E protejeaza de razele UV.<\/p>\n<p><strong>*ingredientele din INTENSE HYDRA+ sunt naturale, provenite din agricultura biologica. Crema nu contine parabeni, aluminiu sau fenoxietanol.<\/strong><\/p>\n<p><strong>Mod de folosire:<\/strong><\/p>\n<p>Se aplica dimineata si seara pe fata, gat si decolteu. Se maseaza usor, pana cand crema se absoarbe in totalitate.<\/p>\n<p><strong>Recomandari:<\/strong><\/p>\n<p>Este recomandata pentru toate tipurile de ten care au nevoie de hidratare intensa si protectie fata de agresiunea factorilor de mediu. Poate fi folosita la orice varsta pentru prevenirea aparitiei ridurilor. <strong>Recomandata in egala masura atat femeilor cat si barbatilor!<\/strong><\/p>\n","protected":false},"excerpt":{"rendered":"<div class=\"woocommerce-product-details__short-description\">\n<h3><strong>Tel. 0751 157 304\u00a0\u00a0<\/strong><\/h3>\n<p>Livrare prin curier rapid : 20 lei<\/p>\n<p><strong>TRANSPORT GRATUIT LA COMENZILE PESTE 150 LEI !<\/strong><\/p>\n<ul>\n<li>Creeaz\u0103 un aspect luminos \u0219i radiant.<\/li>\n<li>Hidrateaz\u0103, hr\u0103ne\u0219te \u0219i catifeleaz\u0103 tenul.<\/li>\n<li>Con\u021bine pulbere extra-fin\u0103 de diamant \u0219i venin de viper\u0103 100% natural.<\/li>\n<\/ul>\n<h5><\/h5>\n<\/div>\n<form class=\"cart\" action=\"http:\/\/binecuvantareaplantelor.ro\/produs\/intense-hydra-crema-hidratanta-cu-pudra-de-diamant-si-venin-de-vipera-ammodytes\/\" enctype=\"multipart\/form-data\" method=\"post\"><\/form>\n","protected":false},"featured_media":39,"comment_status":"open","ping_status":"closed","template":"","meta":[],"product_brand":[],"product_cat":[17,19],"product_tag":[],"class_list":{"0":"post-38","1":"product","2":"type-product","3":"status-publish","4":"has-post-thumbnail","6":"product_cat-frumusete","7":"product_cat-frumusete_ten","9":"first","10":"instock","11":"sale","12":"taxable","13":"shipping-taxable","14":"purchasable","15":"product-type-simple"},"_links":{"self":[{"href":"https:\/\/www.binecuvantareaplantelor.ro\/site\/wp-json\/wp\/v2\/product\/38","targetHints":{"allow":["GET"]}}],"collection":[{"href":"https:\/\/www.binecuvantareaplantelor.ro\/site\/wp-json\/wp\/v2\/product"}],"about":[{"href":"https:\/\/www.binecuvantareaplantelor.ro\/site\/wp-json\/wp\/v2\/types\/product"}],"replies":[{"embeddable":true,"href":"https:\/\/www.binecuvantareaplantelor.ro\/site\/wp-json\/wp\/v2\/comments?post=38"}],"wp:featuredmedia":[{"embeddable":true,"href":"https:\/\/www.binecuvantareaplantelor.ro\/site\/wp-json\/wp\/v2\/media\/39"}],"wp:attachment":[{"href":"https:\/\/www.binecuvantareaplantelor.ro\/site\/wp-json\/wp\/v2\/media?parent=38"}],"wp:term":[{"taxonomy":"product_brand","embeddable":true,"href":"https:\/\/www.binecuvantareaplantelor.ro\/site\/wp-json\/wp\/v2\/product_brand?post=38"},{"taxonomy":"product_cat","embeddable":true,"href":"https:\/\/www.binecuvantareaplantelor.ro\/site\/wp-json\/wp\/v2\/product_cat?post=38"},{"taxonomy":"product_tag","embeddable":true,"href":"https:\/\/www.binecuvantareaplantelor.ro\/site\/wp-json\/wp\/v2\/product_tag?post=38"}],"curies":[{"name":"wp","href":"https:\/\/api.w.org\/{rel}","templated":true}]}}