{"id":79,"date":"2016-07-31T09:12:03","date_gmt":"2016-07-31T09:12:03","guid":{"rendered":"http:\/\/www.binecuvantareaplantelor.ro\/site\/?post_type=product&#038;p=79"},"modified":"2020-07-19T13:11:38","modified_gmt":"2020-07-19T13:11:38","slug":"pasta-de-dinti-perlax-fresh-mint","status":"publish","type":"product","link":"https:\/\/www.binecuvantareaplantelor.ro\/site\/magazin\/ingrijire\/corp\/pasta-de-dinti-perlax-fresh-mint\/","title":{"rendered":"Pasta de dinti Perlax Fresh Mint"},"content":{"rendered":"<p>Pasta de dinti cu ingrediente de origine natural\u0103, care ofer\u0103 albire rapida a dintilor. Actioneaza non-abraziv si ofera prospetime de lunga durata. Mixul de ingrediente active protejeaza impotriva formarii placii dentare \u0219i aparitiei cariilor.<\/p>\n<p><strong>ACTIUNEA INGREDIENTELOR ACTIVE:<\/strong><\/p>\n<ul>\n<li>xilitolul ajut\u0103 la prevenirea aparitiei cariilor si favorizeaza remineralizarea leziunilor mici dentare. Studii recente arata ca xilitolul inhiba dezvoltarea microorganismelor care cauzeaza aparitia cariilor dentare.<\/li>\n<li>Extract natural de licheni nordici cu activitate antibacterian\u0103 ajut\u0103 la combaterea placii dentare<\/li>\n<li>Extractul de propolis natural cu proprietatile lui antimicrobiene \u0219i antifungice excelente fac din el un foarte bun agent de prevenire impotriva placii si a cariilor dentare<\/li>\n<li>Salvia este o planta legat\u0103 \u00een mod tradi\u021bional de igiena orala, care ofer\u0103 o activitate antiseptica si intareste gingiile.<\/li>\n<\/ul>\n<p><strong>Mod de folosire:<\/strong><\/p>\n<p>Utiliza\u021bi de dou\u0103 ori pe zi, ca o past\u0103 de din\u021bi obi\u0219nuit\u0103 \u0219i periati timp de 60 de secunde, cel pu\u021bin.<\/p>\n<p><strong>Recomandari:<\/strong><\/p>\n<ul>\n<li>Formula fara fluor, potrivita pentru \u00eentreaga familie<\/li>\n<li>Copiii de p\u00e2n\u0103 la 6 ani vor utiliza o cantitate de m\u0103rimea unui bob de maz\u0103re de past\u0103 de din\u021bi sub supravegherea unui adult.<\/li>\n<\/ul>\n","protected":false},"excerpt":{"rendered":"<div class=\"woocommerce-product-details__short-description\">\n<h3><strong>Tel. 0751 157 304\u00a0\u00a0<\/strong><\/h3>\n<p>Livrare prin curier rapid : 20 lei<\/p>\n<p><strong>TRANSPORT GRATUIT LA COMENZILE PESTE 150 LEI !<\/strong><\/p>\n<ul>\n<li>Past\u0103 de din\u021bi cu ingrediente de origine natural\u0103, care ofer\u0103 albire rapid\u0103 a din\u021bilor \u0219i prospe\u021bime de lung\u0103 durat\u0103.<\/li>\n<li>Formul\u0103 f\u0103r\u0103 fluor, potrivit\u0103 pentru \u00eentreaga familie.<\/li>\n<\/ul>\n<h5><\/h5>\n<\/div>\n<form class=\"cart\" action=\"http:\/\/binecuvantareaplantelor.ro\/produs\/pasta-de-dinti-perlax-fresh-mint\/\" enctype=\"multipart\/form-data\" method=\"post\"><\/form>\n","protected":false},"featured_media":81,"comment_status":"open","ping_status":"closed","template":"","meta":[],"product_brand":[],"product_cat":[11,12],"product_tag":[],"class_list":{"0":"post-79","1":"product","2":"type-product","3":"status-publish","4":"has-post-thumbnail","6":"product_cat-ingrijire","7":"product_cat-corp","9":"first","10":"instock","11":"sale","12":"taxable","13":"shipping-taxable","14":"purchasable","15":"product-type-simple"},"_links":{"self":[{"href":"https:\/\/www.binecuvantareaplantelor.ro\/site\/wp-json\/wp\/v2\/product\/79","targetHints":{"allow":["GET"]}}],"collection":[{"href":"https:\/\/www.binecuvantareaplantelor.ro\/site\/wp-json\/wp\/v2\/product"}],"about":[{"href":"https:\/\/www.binecuvantareaplantelor.ro\/site\/wp-json\/wp\/v2\/types\/product"}],"replies":[{"embeddable":true,"href":"https:\/\/www.binecuvantareaplantelor.ro\/site\/wp-json\/wp\/v2\/comments?post=79"}],"wp:featuredmedia":[{"embeddable":true,"href":"https:\/\/www.binecuvantareaplantelor.ro\/site\/wp-json\/wp\/v2\/media\/81"}],"wp:attachment":[{"href":"https:\/\/www.binecuvantareaplantelor.ro\/site\/wp-json\/wp\/v2\/media?parent=79"}],"wp:term":[{"taxonomy":"product_brand","embeddable":true,"href":"https:\/\/www.binecuvantareaplantelor.ro\/site\/wp-json\/wp\/v2\/product_brand?post=79"},{"taxonomy":"product_cat","embeddable":true,"href":"https:\/\/www.binecuvantareaplantelor.ro\/site\/wp-json\/wp\/v2\/product_cat?post=79"},{"taxonomy":"product_tag","embeddable":true,"href":"https:\/\/www.binecuvantareaplantelor.ro\/site\/wp-json\/wp\/v2\/product_tag?post=79"}],"curies":[{"name":"wp","href":"https:\/\/api.w.org\/{rel}","templated":true}]}}