{"id":90,"date":"2016-07-31T09:17:46","date_gmt":"2016-07-31T09:17:46","guid":{"rendered":"http:\/\/www.binecuvantareaplantelor.ro\/site\/?post_type=product&#038;p=90"},"modified":"2020-07-19T13:04:55","modified_gmt":"2020-07-19T13:04:55","slug":"laminaktiva-sampon-profesional-cu-keratina-pentru-reconstructia-capilara","status":"publish","type":"product","link":"https:\/\/www.binecuvantareaplantelor.ro\/site\/magazin\/ingrijire\/par\/laminaktiva-sampon-profesional-cu-keratina-pentru-reconstructia-capilara\/","title":{"rendered":"LaminAktiva \u2013 \u0218ampon profesional cu keratina"},"content":{"rendered":"<ul>\n<li>Infuzeaza keratina in firul de par<\/li>\n<li>Curata in profunzime parul<\/li>\n<li>Suprafata capilara este reintarita pentru un par des, flexibil si puternic<\/li>\n<\/ul>\n<p>Combinand avantajele tehnologiei moderne cu ingredientele active, gama LaminAktiva deschide noi perspective in domeniul reconstructiei parului deteriorat.<\/p>\n<p>Samponul LaminAktiva impregneaza firul de par cu keratina, proteina care se afla in mod natural in structura firului de par.<\/p>\n<p>Infuzia de keratina pe care o primeste parul tau promite urmatoarele beneficii:<\/p>\n<ul>\n<li><strong>Repara<\/strong> firul de par<\/li>\n<li><strong>Hidrateaza<\/strong> parul in profunzime, lasand senzatia de par moale si perfect curat<\/li>\n<li><strong>Fortifica<\/strong> parul de la radacina pana la varfuri<\/li>\n<li>Confera <strong>stralucire<\/strong> si <strong>luciu<\/strong> intens<\/li>\n<li>Dupa spalare parul se poate <strong>coafa<\/strong> usor fiind extrem de hidratat<\/li>\n<li><strong>Textura<\/strong> firului de par isi recapata <strong>flexibilitatea<\/strong><\/li>\n<li><strong>Varfurile <\/strong>casante, despicate si uscate vor face parte din trecut dupa doar cateva spalari<\/li>\n<li><strong>Remineralizeaza <\/strong>structura firului de par<\/li>\n<li><strong>Sigileaza <\/strong>firul de par pentru a preveni ruperea<\/li>\n<\/ul>\n","protected":false},"excerpt":{"rendered":"<h3><strong>Tel. 0751 157 304\u00a0\u00a0<\/strong><\/h3>\n<p>Livrare prin curier rapid : 20 lei<\/p>\n<p><strong>TRANSPORT GRATUIT LA COMENZILE PESTE 150 LEI !<\/strong><\/p>\n<ul>\n<li>Infuzeaz\u0103 keratina \u00een firul de p\u0103r.<\/li>\n<li>Cur\u0103\u021b\u0103 \u00een profunzime p\u0103rul.<\/li>\n<li>Suprafa\u021ba capilar\u0103 este re\u00eent\u0103rit\u0103 pentru un p\u0103r des, flexibil \u0219i puternic.<\/li>\n<\/ul>\n","protected":false},"featured_media":91,"comment_status":"open","ping_status":"closed","template":"","meta":[],"product_brand":[],"product_cat":[11,13],"product_tag":[],"class_list":{"0":"post-90","1":"product","2":"type-product","3":"status-publish","4":"has-post-thumbnail","6":"product_cat-ingrijire","7":"product_cat-par","9":"first","10":"instock","11":"sale","12":"taxable","13":"shipping-taxable","14":"purchasable","15":"product-type-simple"},"_links":{"self":[{"href":"https:\/\/www.binecuvantareaplantelor.ro\/site\/wp-json\/wp\/v2\/product\/90","targetHints":{"allow":["GET"]}}],"collection":[{"href":"https:\/\/www.binecuvantareaplantelor.ro\/site\/wp-json\/wp\/v2\/product"}],"about":[{"href":"https:\/\/www.binecuvantareaplantelor.ro\/site\/wp-json\/wp\/v2\/types\/product"}],"replies":[{"embeddable":true,"href":"https:\/\/www.binecuvantareaplantelor.ro\/site\/wp-json\/wp\/v2\/comments?post=90"}],"wp:featuredmedia":[{"embeddable":true,"href":"https:\/\/www.binecuvantareaplantelor.ro\/site\/wp-json\/wp\/v2\/media\/91"}],"wp:attachment":[{"href":"https:\/\/www.binecuvantareaplantelor.ro\/site\/wp-json\/wp\/v2\/media?parent=90"}],"wp:term":[{"taxonomy":"product_brand","embeddable":true,"href":"https:\/\/www.binecuvantareaplantelor.ro\/site\/wp-json\/wp\/v2\/product_brand?post=90"},{"taxonomy":"product_cat","embeddable":true,"href":"https:\/\/www.binecuvantareaplantelor.ro\/site\/wp-json\/wp\/v2\/product_cat?post=90"},{"taxonomy":"product_tag","embeddable":true,"href":"https:\/\/www.binecuvantareaplantelor.ro\/site\/wp-json\/wp\/v2\/product_tag?post=90"}],"curies":[{"name":"wp","href":"https:\/\/api.w.org\/{rel}","templated":true}]}}