{"id":92,"date":"2016-07-31T09:18:57","date_gmt":"2016-07-31T09:18:57","guid":{"rendered":"http:\/\/www.binecuvantareaplantelor.ro\/site\/?post_type=product&#038;p=92"},"modified":"2020-07-19T13:03:44","modified_gmt":"2020-07-19T13:03:44","slug":"essential-sampon-anti-matreata-purificator","status":"publish","type":"product","link":"https:\/\/www.binecuvantareaplantelor.ro\/site\/magazin\/ingrijire\/par\/essential-sampon-anti-matreata-purificator\/","title":{"rendered":"Essential Sampon Anti-matreata Purificator"},"content":{"rendered":"<p>Samponul antimatreata cu efect sebo-regulator contine extracte de plante ce au rol de a purifica si restabili echilibrul normal al scalpului.<\/p>\n<p>Dupa primele aplicari senzatia de mancarime specifica unui par cu matreata dispare. Efectul revigorant si astringent calmeaza scalpul si iti confera o senzatie de usurare.<\/p>\n<p>Dupa samponare parul ramane perfect curat, purificat si hidratat. Scalpul isi recapata echilibrul sanatos. Utilizati samponul in mod constant pentru a preveni reaparitia matretii si a parului gras.<\/p>\n<p><strong>\u00a0<\/strong><\/p>\n<p><strong>Mod de utilizare:<\/strong><\/p>\n<p>Aplicati o cantitate normala pe parul ud, masati usor insistand mai mult pe scalp, lasati sa actioneze un minut, clatiti bine. Daca este nevoie, samponati de doua ori. Clatiti bine. Doar pentru uz extern.<\/p>\n","protected":false},"excerpt":{"rendered":"<h3><strong>Tel. 0751 157 304\u00a0\u00a0<\/strong><\/h3>\n<p>Livrare prin curier rapid : 20 lei<\/p>\n<p><strong>TRANSPORT GRATUIT LA COMENZILE PESTE 150 LEI !<\/strong><\/p>\n<ul>\n<li>Restabile\u0219te echilibrul normal al scalpului.<\/li>\n<li>Efect astringent \u0219i revigorant.<\/li>\n<li>Extract de plante special conceput pentru un scalp curat \u0219i un p\u0103r s\u0103n\u0103tos.<\/li>\n<\/ul>\n","protected":false},"featured_media":93,"comment_status":"open","ping_status":"closed","template":"","meta":[],"product_brand":[],"product_cat":[11,13],"product_tag":[],"class_list":{"0":"post-92","1":"product","2":"type-product","3":"status-publish","4":"has-post-thumbnail","6":"product_cat-ingrijire","7":"product_cat-par","9":"first","10":"instock","11":"sale","12":"taxable","13":"shipping-taxable","14":"purchasable","15":"product-type-simple"},"_links":{"self":[{"href":"https:\/\/www.binecuvantareaplantelor.ro\/site\/wp-json\/wp\/v2\/product\/92","targetHints":{"allow":["GET"]}}],"collection":[{"href":"https:\/\/www.binecuvantareaplantelor.ro\/site\/wp-json\/wp\/v2\/product"}],"about":[{"href":"https:\/\/www.binecuvantareaplantelor.ro\/site\/wp-json\/wp\/v2\/types\/product"}],"replies":[{"embeddable":true,"href":"https:\/\/www.binecuvantareaplantelor.ro\/site\/wp-json\/wp\/v2\/comments?post=92"}],"wp:featuredmedia":[{"embeddable":true,"href":"https:\/\/www.binecuvantareaplantelor.ro\/site\/wp-json\/wp\/v2\/media\/93"}],"wp:attachment":[{"href":"https:\/\/www.binecuvantareaplantelor.ro\/site\/wp-json\/wp\/v2\/media?parent=92"}],"wp:term":[{"taxonomy":"product_brand","embeddable":true,"href":"https:\/\/www.binecuvantareaplantelor.ro\/site\/wp-json\/wp\/v2\/product_brand?post=92"},{"taxonomy":"product_cat","embeddable":true,"href":"https:\/\/www.binecuvantareaplantelor.ro\/site\/wp-json\/wp\/v2\/product_cat?post=92"},{"taxonomy":"product_tag","embeddable":true,"href":"https:\/\/www.binecuvantareaplantelor.ro\/site\/wp-json\/wp\/v2\/product_tag?post=92"}],"curies":[{"name":"wp","href":"https:\/\/api.w.org\/{rel}","templated":true}]}}